ided by b?
25
Suppose 0 = 458*h - 462*h + t + 16171, -5*t = -5*h + 20225. Calculate the remainder when h is divided by 92.
86
Let w(t) be the second derivative of 8*t**3/3 - 155*t**2/2 - t - 9. What is the remainder when 216 is divided by w(12)?
31
Suppose -o - 3*o = o. Suppose 32*t - 63 - 257 = o. Calculate the remainder when (-2)/(4/(-78)) - 0 is divided by t.
9
Let z = 67 + -45. Calculate the remainder when ((-6)/(-3) + 7)*1652/354 is divided by z.
20
Suppose 215*a - 139*a - 264404 = 0. What is the remainder when a is divided by 59?
57
Let f(b) = 539*b + 3. Calculate the remainder when 196 is divided by f(0).
1
Suppose -3*v = -63 - 0. Let p = 32 - v. Let h(n) = 13*n**3 - 99*n**2 + 63*n - 45. What is the remainder when p is divided by h(7)?
3
Let v be (-3)/(-30) + 2*(-116)/(-80). Suppose -v*r - 3*z + 87 = 0, 3*r = -2*r - 2*z + 136. Calculate the remainder when 65 is divided by r.
13
Suppose -3*i - p + 17 = 0, 10*p - 6*p = 5*i - 17. Suppose 235 = -5*g + 2*j + 1092, 0 = 4*g - i*j - 672. Calculate the remainder when g is divided by 29.
28
Let d be 1342/55 - 6/(-10). Suppose 2*a - 34 = -f, 3*f = 2*f - 5*a + d. What is the remainder when f is divided by ((-12)/5)/(2/(-5))?
4
Let a be (18 - 0)*50/4. Suppose 0 = 18*l - 99 - a. Calculate the remainder when 20 is divided by l.
2
Suppose 129*y = 128*y + 13. Suppose -110 = -y*h + 11*h. Calculate the remainder when h is divided by 19.
17
Let r = -277 - -433. Let x = -153 + r. What is the remainder when 23 is divided by x?
2
Suppose -8*g = -8 - 32. Suppose g*r + 3*u - 4 + 0 = 0, -4*r + 2*u = -12. What is the remainder when 84 is divided by r?
0
Let t be (-2 - (-812)/12)*3. Let q = t + -138. What is the remainder when q is divided by 10?
9
Let m(q) = q**3 - 7*q**2 + 5. Let i be m(7). Suppose -2*n = 4*h - 32, h + 32 = 5*h - i*n. What is the remainder when ((-2)/4)/((-1)/44) is divided by h?
6
Let b = -7748 - -7808. Calculate the remainder when 470 is divided by b.
50
Let i = 19106 + -15558. What is the remainder when i is divided by 24?
20
Let k(o) = 4*o - 10. Let b be (-4)/(48/(-30))*6/5. Let p be k(b). Suppose p*c - 32 = 46. Calculate the remainder when 155 is divided by c.
38
Suppose -205491 - 40473 = -36*n - 163*n. Calculate the remainder when n is divided by 309.
0
Suppose 127*x - 7390 = -55*x + 2438. Calculate the remainder when x is divided by 5.
4
Let t(q) = q**3 - 2*q**2 - 79*q + 46. What is the remainder when 908 is divided by t(-8)?
34
Let c = 27 - 56. Let a = c - -56. Let q = -12034 - -12194. Calculate the remainder when q is divided by a.
25
Let s = -60 + 54. Let w(j) = -28*j - 14. Calculate the remainder when w(s) is divided by 52.
50
Suppose 713 = -12*n + 43*n. Calculate the remainder when (-2 - n)*(0 - -1)*-1 is divided by 15.
10
Suppose -3*q - 2*i = -330, 3*q - 26*i + 24*i = 354. Suppose -f - 100 - 27 = -3*x, -x + f + 39 = 0. Calculate the remainder when q is divided by x.
26
Let g = -334 + 417. Let c(f) = 4*f + 10 + 0*f**2 + 2*f**2 - 13*f. Calculate the remainder when g is divided by c(6).
27
Calculate the remainder when 562 is divided by (-21)/(-2)*(-59)/(1416/(-48)).
16
Let w(l) = l**3 - 16*l**2 - 1. Let v(p) = -p**3 + 3*p**2. Let y(z) = 5*v(z) + w(z). Calculate the remainder when 52 is divided by y(-2).
25
Suppose 0*q = 4*q - 208. Let o = 59 - q. What is the remainder when 68 is divided by o?
5
Calculate the remainder when (336/8 + 15)/((-2)/(-54)) is divided by 44.
43
Let g(i) = -2*i**3 + 2*i**2 + 5*i + 5. Suppose 283 = 6*y + 199. What is the remainder when g(-4) is divided by 1 - 4 - (-560)/y?
34
Calculate the remainder when (-1566)/(-17) - (-2)/(-17) is divided by 50/275 + 86/11.
4
Let t = -7550 - -7820. What is the remainder when 779 is divided by t?
239
Let n(p) be the second derivative of p**4/12 + p**3/6 - 9*p**2/2 + 6*p. Suppose -j - 52 = -5*j. Calculate the remainder when j is divided by n(3).
1
Let s(v) = 11*v + 192. Calculate the remainder when 59 + (3 - (-3 - -4)) is divided by s(-16).
13
Let m(t) = t**3 + 7*t**2 - 29*t + 3. Calculate the remainder when 245 is divided by m(4).
56
Suppose 44*y - 46*y + 4*p = 6, -2*p - 8 = 0. Calculate the remainder when (y/((-297)/72))/((-3)/(-261)) is divided by 18.
16
Let s(i) = -5*i + 188. Let h be s(37). Suppose a + 338 = 4*q + h*a, 4*q = 5*a + 331. What is the remainder when q is divided by 36?
12
Suppose -f + 648 = -3*c, -196*f + 200*f - 4*c - 2648 = 0. Calculate the remainder when f is divided by 87.
60
Suppose 0*k - 4*v = k - 44, -2*k - 5*v + 82 = 0. Suppose -706 = -5*y + h, 16*y + 4*h - 158 = 15*y. What is the remainder when y is divided by k?
34
Suppose 0*t + 428 = 4*t - 2*s, -5*t + 3*s + 538 = 0. What is the remainder when t is divided by 43?
18
Suppose -336 = -4*c + 4*s, 0 = 5*c - 2*c - 4*s - 256. Let y(j) = -2*j. Calculate the remainder when c is divided by y(-14).
24
Suppose -4*a - 49 = 3*a. Let h(d) be the first derivative of d**4/4 + 2*d**3 - 4*d**2 + 6*d - 12. Calculate the remainder when 38 is divided by h(a).
12
Suppose -5*h + j = -2326 + 981, -j = 3*h - 815. Calculate the remainder when h is divided by 6.
0
Let m(x) = -47*x - 452. What is the remainder when 268 is divided by m(-10)?
16
Suppose 248*j - 1358 = 246*j + 4*t, t = 2*j - 1376. Calculate the remainder when j is divided by 198.
97
Suppose w - 2 = 2*g, 2*g = -2*g + 4*w. Suppose 15 = 120*f - 117*f + 3*k, 4*f - 5*k + 16 = 0. What is the remainder when (-1*65*(f + 1))/g is divided by 22?
21
Suppose -5*t + 2 + 8 = 0. Let x = -880 + 908. Calculate the remainder when 8/(-12) - (2 - x/6) is divided by t.
0
What is the remainder when -9 + -15 + 11 + (-110)/4*-14 is divided by 180?
12
Suppose -8*r + 4*r - 2*q + 14 = 0, -5*q = 5. What is the remainder when 147 is divided by r?
3
Let q = -31151 - -33131. What is the remainder when q is divided by 392?
20
Suppose 3*a = -v + 54, 0 = 24*a - 28*a + 3*v + 59. What is the remainder when 1204 is divided by a?
14
Suppose -668 = -p - o, -64*p + 60*p - 5*o = -2676. Calculate the remainder when 2000 is divided by p.
8
Suppose 2*w = 4*z + 202, 0 = -3*w + 7*w + 5*z - 443. Suppose 37 = -4*u + 61. Calculate the remainder when w is divided by (-81)/18*u/(-1).
26
Suppose -74*b + 17922 + 17672 = 0. Calculate the remainder when b is divided by 28.
5
Let x = 53 + -62. Let z be -4 - -2*(-5 - x). Suppose 59 = 3*y - z*n, -4*y + 59 + 5 = 2*n. Calculate the remainder when 63 is divided by y.
12
Suppose -86*c = 38*c - 37572. What is the remainder when c is divided by 75?
3
Suppose 0 = 89*s - 85*s - 16. Calculate the remainder when 34 is divided by ((-212)/(-18))/1 + s/18.
10
Let p(n) = n**3 + 7*n**2 + n + 6. Let w be p(-7). Let x(i) = -464*i + 189*i + 242*i - 2. What is the remainder when x(w) is divided by 11?
9
Let q(l) = -3*l**3 + 13*l**2 + 11*l + 5. Let a be q(7). Let s = 359 + a. What is the remainder when 96 is divided by s?
47
Suppose -304*t + 314*t = 1610. What is the remainder when t is divided by 23?
0
Let j(s) = s**3 - 12*s**2 + 16. Suppose b + 5*o - 27 = 0, 2*b + 0*b + 2*o = 30. Let c = -196 + 289. Calculate the remainder when c is divided by j(b).
13
Suppose -1007*w + 1082*w - 135375 = 0. Calculate the remainder when w is divided by 6.
5
Suppose -55 - 550 = 11*v. Let a = v + 59. Suppose b - 100 = -z, -a*b = -z - 11 + 116. What is the remainder when z is divided by 13?
10
Let g(s) = 2*s. Let a(o) = -o**2 + 25*o + 226. Let k(y) = a(y) - 4*g(y). What is the remainder when 55 is divided by k(25)?
3
Let d = 1385 + 366. Let o = -996 + d. What is the remainder when o is divided by 36?
35
Let w(m) = 59*m + 2627. Calculate the remainder when w(-44) is divided by 12.
7
Suppose 2*x + 5*x = 287. Suppose 0 = g - 297 - 128. Suppose 160 = 5*z - g. Calculate the remainder when z is divided by x.
35
Let c(w) = w**2 + 4*w - 3. Let u be c(1). Suppose 3*h + 32 = u. Calculate the remainder when 28 is divided by (-16)/12*3 - h.
4
What is the remainder when (-1)/((-11)/28622) + -2 + -1 is divided by 130?
129
Let g = -3830 + 3844. Calculate the remainder when 557 is divided by g.
11
Calculate the remainder when 5300 is divided by 2*((-2565)/(-90))/(1 + 2).
18
Let n be 1 + (1 - -6 - 3). Suppose -3*u - 30 = -2*f + 130, -n*f + 2*u + 389 = 0. What is the remainder when f is divided by 39?
38
Let n(s) = -13*s**3 + 42*s**2 + 5*s - 1. What is the remainder when 32